
10
Let o = 203 - 113. Let s = o - 78. Let f = 2 - -6. What is the greatest common factor of s and f?
4
Suppose -4 = -5*w + 11. Let o be 1/(w/(-45))*11/33. Let r be (o - -10 - -8) + 0. What is the highest common divisor of 91 and r?
13
Suppose 6 = -2*l + 2. Let x be 42*(l + 4 + -1). Suppose 0 = 3*r + 12*y - 156, 0 = -137*r + 133*r + 3*y + 227. Calculate the greatest common divisor of x and r.
14
Let s(v) = -v**3 + 12*v**2 - v + 9. Let u be s(13). Let t = 177 + u. Calculate the highest common factor of t and 4.
4
Let w(l) = 11 + 9*l - 27*l + 14*l. Let n be w(-13). Calculate the highest common divisor of 126 and n.
63
Let t(l) = l - 11. Let j be t(9). Let k be 4 + 0 + (51 - j). Let d be ((-34)/(-3))/(38/k). What is the highest common factor of d and 187?
17
Suppose 5*l - n - 541 = 0, 0*n - 4*n = -16. Let b = l + -109. Suppose -5*s + 229 = -f, -3*f + b = 2*s - 78. Calculate the greatest common factor of s and 60.
15
Let g = 154 + -103. Let h be 0 - (-1 + -1) - g/(-3). Let c be h/5 + (-2)/(-10). What is the greatest common divisor of c and 20?
4
Suppose -194*i = 3*s - 196*i - 726, 928 = 4*s + 4*i. Calculate the highest common divisor of s and 7497.
119
Let f = 18512 + -18501. What is the greatest common divisor of f and 21?
1
Suppose -1871 = -5*k + 3*o, 0*k - k = 5*o - 391. Let p(i) = -153*i + 353. Let s be p(2). Calculate the highest common divisor of k and s.
47
Let f(q) = q**3 + 4*q**2 - 36*q - 9. Let v = -7 + 13. Let j be f(v). Calculate the greatest common factor of 75 and j.
15
Let i = -498 + 970. Suppose -2*k + 6*k + i = 0. Let n = k + 130. Calculate the highest common factor of 204 and n.
12
Suppose -18*p + 29*p = 440. Let c = p + -34. Let r(a) = 4*a**3 - a**2 + a. Let o be r(2). What is the highest common divisor of c and o?
6
Suppose -10*u + 6*u - 2*s = -30, -4*s - 12 = -4*u. Let q(l) = -12*l + 73. Let z be q(u). What is the greatest common factor of 15 and z?
1
Suppose -3*w - 3*w = -486. Suppose z - 100 = 4*o - 2*o, 524 = 5*z - 4*o. Let c = 117 - z. What is the greatest common divisor of c and w?
9
Suppose -y = h + 221, -4*y + 2*h + h - 905 = 0. Let n = -134 - y. Let v be 16 + -2 + 1 + 0. Calculate the highest common factor of n and v.
15
Suppose -29 = -14*r + 83. Let a be (-6)/r*(-312)/9. Calculate the greatest common divisor of 351 and a.
13
Suppose 19*a = 22*a - 9. Let o(f) = f**3 - 25*f**2 + 145*f - 149. Let p be o(17). What is the greatest common factor of a and p?
1
Let p be (4 - 11*450/1089) + 3774/22. Calculate the highest common factor of 7980 and p.
57
Let g be ((-2)/4)/(2*(-8)/320). What is the highest common factor of 310 and g?
10
Let n(y) = -4*y - 102. Let s be n(-25). Let g be 438/8 + s*1/(-8). Calculate the greatest common divisor of 11 and g.
11
Let o(u) be the second derivative of 1/6*u**3 + 11*u + 0 + 5*u**2. Let g be o(18). What is the greatest common factor of g and 14?
14
Suppose 902*x - 593*x - 390576 = 0. What is the highest common divisor of x and 256?
16
Suppose 0 = -3*o - i - 1292, o = -0*o + 2*i - 426. Let d = -382 - o. Calculate the highest common factor of 132 and d.
12
Let c be (-132)/(-24) - 6/4. Suppose -44 = -c*r + 36. What is the highest common factor of 110 and r?
10
Let z(i) = -i**3 - 8*i**2 + 36*i + 276. Let c be z(-10). Suppose 0 = -2*o + 4*j + 24, 36 = 5*o - 2*j - 2*j. Calculate the greatest common factor of c and o.
4
Let q be 2/5 - (9 - ((-37632)/(-70))/6). Calculate the greatest common factor of 426 and q.
3
Let o be (-44)/(-2)*9*21/(-9). Let d be 15/(-6)*o/55. Calculate the highest common divisor of d and 33.
3
Let t = 4097 + -1055. Calculate the highest common divisor of 9 and t.
9
Suppose -4*f - 3*y + 122 = -y, -y = -5. Suppose f = -n + 37. What is the highest common divisor of n and 9?
9
Let t be 1/(-2) - (-10)/4. Let l be 66/(-6)*8/(-22). Suppose 3*o - l = 4*o + 4*s, -37 = -2*o + s. Calculate the greatest common factor of t and o.
2
Let q = -3971 - -4299. What is the highest common divisor of q and 1394?
82
Suppose -154*l + 179*l = 40000. Calculate the highest common divisor of 40 and l.
40
Suppose 34 - 67 = -11*i. Suppose -i*u + z = -7, 4*u = 5*z - 9*z + 4. What is the greatest common factor of u and 10?
2
Let h be (76/(-3) - 50/(-150))*2/(-5). Let j be (65/2)/((-2)/(-4)). What is the highest common factor of j and h?
5
Let z(q) = -q**2 - 38*q + 64. Let m be z(-36). What is the greatest common factor of m and 2125?
17
Let j(r) = -r**3 - 6*r**2 - 6. Let t be j(-6). Let i be (t/18)/((-1)/27). Suppose 21 = g - i. Calculate the greatest common divisor of 15 and g.
15
Let y = 862 - 858. Suppose b - w - 81 - 55 = 0, -2*b - y*w + 272 = 0. What is the greatest common factor of b and 34?
34
Let g(z) = -32*z + 230. Let o be g(5). Let i(y) = 4*y + 3. Let j be i(-2). Let x = 15 + j. Calculate the greatest common divisor of o and x.
10
Let d be 2/(-1 - (-78)/76). Suppose -2*m - 5*i = -66, 28*m + 2*i - 139 = 105. Calculate the highest common divisor of d and m.
4
Let d = 11735 - 11640. What is the greatest common divisor of 75 and d?
5
Let b(v) = 4*v**2 + 22*v - 26. Let n be b(-11). Suppose -5*m + 14*m = -n. Let c be ((-345)/12 - (-6)/m)/(-1). What is the highest common factor of c and 319?
29
Let i = 8299 - 8229. Suppose 3*s - 123 = -33. What is the greatest common factor of i and s?
10
Let b = 27256 - 27249. Calculate the greatest common factor of b and 2744.
7
Let r = -57 + 61. Suppose 0*z - 5*z = -3*a + 8, -r*z = -4*a + 8. Let l be 5 + (-5 - -1) + a. Calculate the highest common factor of 5 and l.
1
Let i = 1827 - 1802. Calculate the greatest common factor of i and 85.
5
Let l(n) = -200*n + 1650. Let x be l(6). What is the highest common divisor of x and 36?
18
Let t(q) = -2*q + 194. Let v be t(-6). Let r = 718 - v. Calculate the greatest common divisor of r and 8.
8
Suppose -3*k + 2*k - 5*u - 242 = 0, 3*k - u = -726. Let h = k - -275. Let o be 11*4*18/8. What is the greatest common divisor of o and h?
33
Suppose 5*d - 3 = -2*u, -4*u + 0 - 9 = -5*d. Let s be (4 - 3)*u*(-1 - 46). What is the greatest common factor of s and 235?
47
Let y be (-1 - -5)/(-2)*2. Let d be (55/y)/((-2)/8). Let z(w) = 2*w**2 - 93*w - 16844. Let a be z(-72). What is the highest common factor of a and d?
55
Let v(j) = -2*j**2 - 56*j - 332. Let z be v(-17). Calculate the highest common divisor of 10052 and z.
14
Let z = -128 - -128. Let u(t) = -2*t**2 + 18. Let w be u(z). Calculate the highest common divisor of w and 198.
18
Let u(i) = 3*i + 324. Let d be u(-66). What is the greatest common factor of 3598 and d?
14
Let k(x) = 3*x - 16. Let w be 30*((-54)/(-12) - 4). Let n be k(w). Calculate the highest common divisor of n and 203.
29
Let p(z) = z**2 - 16*z - 18. Let m be p(17). Let a be m/3 - 3/((-18)/50). What is the highest common factor of a and 88?
8
Let v = 75 - 75. Suppose 6*b - 18*b + 3660 = v. Calculate the highest common divisor of 5 and b.
5
Let l = 21383 - 21295. Let i be -1 - (1 - 2)*33. Calculate the greatest common divisor of l and i.
8
Let r = -48 - -73. Let t be r*(0 - (-36)/10). Suppose 0 = -2*l + 39 - 3. Calculate the greatest common divisor of t and l.
18
Let i = 41 + -40. Let k(z) = 39*z**3 - 2*z**2 + z. Let x be k(i). Suppose 0 = -0*t + 2*t - x. What is the greatest common divisor of t and 57?
19
Let h(n) = -n**3 - 2*n**2 + 17*n + 8. Let w(t) = -6*t + 22. Let x be w(5). Let i be h(x). What is the greatest common divisor of i and 16?
16
Let b(t) = 8*t**2 + 225*t - 95. Let y be b(-29). Calculate the greatest common divisor of y and 39636.
108
Suppose -5*r - t = -624, -9*t - 2 = -7*t. What is the greatest common divisor of r and 1625?
125
Suppose -6*l - i = -3*l - 2, 0 = 2*l + 4*i + 12. Let y be ((-156)/15)/(48/(-20) + l). Calculate the highest common divisor of 130 and y.
26
Suppose k + 5*l = 37, -l + 78 = -5*k + 263. Let f = 3308 - 1167. Suppose 8*d - 227 = f. Calculate the highest common divisor of d and k.
37
Let w(q) = -10*q + 185. Let k be w(11). Let s be (-5)/(k/(-48)) + 32/(-160). What is the highest common factor of 159 and s?
3
Suppose 180*x - 65780 = -149*x + 43*x. What is the highest common divisor of 3358 and x?
46
Let s = 1266 + 27118. Calculate the greatest common factor of 64 and s.
32
Let u(c) = -227*c - 2493. Let l be u(-11). Calculate the highest common divisor of 59 and l.
1
Suppose 2